e
Is 138878221 prime?
False
Is 28355990137 a composite number?
False
Is 221317959953 a prime number?
True
Is 28067756771 composite?
False
Is 382856429 composite?
False
Is 3921751501 prime?
True
Is 4569185671 composite?
False
Is 6168173723 prime?
False
Is 3000777151 a prime number?
False
Is 7690141663 a prime number?
False
Is 4192077391 a prime number?
True
Is 547144817 a composite number?
True
Is 21533947833 composite?
True
Is 514134829 composite?
True
Is 101692903 prime?
False
Is 732424339 composite?
False
Is 1614315889 prime?
False
Is 113700636317 prime?
True
Is 105526804451 a prime number?
True
Is 59672294323 a prime number?
True
Is 118540057 composite?
True
Is 7435372397 a prime number?
True
Is 361680659 prime?
True
Is 22092263719 a prime number?
True
Is 828765557 a composite number?
True
Is 6425960803 a prime number?
True
Is 2088458963 a prime number?
True
Is 2346699067 a composite number?
True
Is 8368453183 a composite number?
False
Is 1201792879 a prime number?
False
Is 3744918811 a prime number?
False
Is 749974181 prime?
False
Is 17884455487 a prime number?
True
Is 405983021203 prime?
True
Is 3746614979 a composite number?
False
Is 1355328551 composite?
True
Is 1507611059 a composite number?
False
Is 129333982429 a prime number?
True
Is 24738473663 a composite number?
True
Is 2498063143 a composite number?
True
Is 1220603623 composite?
True
Is 19533947089 a prime number?
False
Is 4079800579 a composite number?
False
Is 787016389 a prime number?
True
Is 2742757253 a prime number?
True
Is 399469747 a composite number?
False
Is 19137704557 composite?
False
Is 2238807637 prime?
False
Is 33027015869 composite?
True
Is 31025742269 prime?
True
Is 115387469 prime?
True
Is 147774826487 composite?
True
Is 58012847923 composite?
False
Is 822007709 a prime number?
True
Is 22252511059 a composite number?
False
Is 71276815 a composite number?
True
Is 622319549 a prime number?
True
Is 65775241063 prime?
False
Is 23871201371 a prime number?
False
Is 1438749311 composite?
False
Is 2204125753 a prime number?
True
Is 96755543 prime?
False
Is 3724734469 a prime number?
True
Is 1422761507 a prime number?
True
Is 1339042361 a composite number?
True
Is 1385059009 a composite number?
False
Is 73940653789 a composite number?
True
Is 8623384279 a composite number?
True
Is 200924363 prime?
True
Is 565221731 a prime number?
False
Is 9897587533 a composite number?
False
Is 5084978771 a composite number?
False
Is 2233829263 prime?
False
Is 117693089 a composite number?
False
Is 12275619379 a prime number?
False
Is 5632738189 a composite number?
True
Is 83447957 a composite number?
True
Is 173724203 a prime number?
False
Is 22513850497 a composite number?
False
Is 6895486859 prime?
False
Is 263228402 prime?
False
Is 71802599 a prime number?
False
Is 1819920143 composite?
True
Is 239032021079 prime?
True
Is 659416579 composite?
True
Is 67957159447 composite?
False
Is 5615015893 a prime number?
True
Is 2905500701 a composite number?
False
Is 149544863861 prime?
False
Is 39149843 composite?
True
Is 1602510269 composite?
True
Is 28616661079 a prime number?
True
Is 1059217343 composite?
True
Is 16892942971 a composite number?
False
Is 4513876441 a prime number?
True
Is 172990709 prime?
True
Is 76190606 a composite number?
True
Is 97617833 prime?
True
Is 1577950481 composite?
False
Is 4036476523 a composite number?
False
Is 1379637947 composite?
False
Is 1367705387 a prime number?
False
Is 711299957 a prime number?
False
Is 6770197111 prime?
False
Is 926851633 a prime number?
False
Is 3363180211 prime?
False
Is 34873956685 a composite number?
True
Is 1025540267 a prime number?
False
Is 13693873801 composite?
True
Is 103922136803 a composite number?
False
Is 238612571 a composite number?
False
Is 3317398321 a prime number?
False
Is 18403010603 prime?
True
Is 218526087413 a composite number?
False
Is 707557757 a composite number?
False
Is 109394426 a composite number?
True
Is 693799637 a composite number?
True
Is 23246178943 a prime number?
False
Is 750127453 composite?
False
Is 511507891 a prime number?
False
Is 2882806153 a composite number?
True
Is 153818563 composite?
True
Is 82226429 a composite number?
False
Is 6105560827 a prime number?
True
Is 723684451 composite?
True
Is 2159852551 a composite number?
True
Is 357596639 a composite number?
True
Is 633697231 composite?
False
Is 6980423867 composite?
False
Is 628866709 prime?
True
Is 36422624297 a prime number?
True
Is 5039449427 prime?
True
Is 111715889 composite?
False
Is 48758782493 prime?
False
Is 41432985467 a prime number?
True
Is 808946737 a composite number?
False
Is 159613405103 prime?
True
Is 27845791 prime?
True
Is 804445933 a prime number?
False
Is 4674422029 prime?
False
Is 123443882431 prime?
False
Is 3536830039 prime?
True
Is 35088665077 prime?
True
Is 60428512763 composite?
False
Is 18766690879 composite?
False
Is 62728023107 composite?
False
Is 1276626467 a prime number?
True
Is 32604326861 a prime number?
True
Is 35363147051 a prime number?
True
Is 14911754303 a composite number?
False
Is 1708701641 prime?
True
Is 8361059347 composite?
True
Is 2322791441 prime?
False
Is 7013440697 prime?
True
Is 713244278 prime?
False
Is 50064104609 prime?
True
Is 152327741 composite?
False
Is 27992789609 prime?
True
Is 38448492469 a composite number?
True
Is 9377039297 a prime number?
True
Is 7106718239 composite?
True
Is 19431148669 a composite number?
False
Is 3454598921 composite?
False
Is 61608727 composite?
False
Is 22081638973 a composite number?
False
Is 9540694451 a prime number?
False
Is 28346964319 a prime number?
True
Is 50230349794 a composite number?
True
Is 12689407489 composite?
True
Is 7338875663 a prime number?
False
Is 182890783 composite?
False
Is 848975143 a composite number?
False
Is 294232507 a composite number?
False
Is 1028205791 a prime number?
True
Is 871668989 prime?
True
Is 802329239 a composite number?
True
Is 99553669 composite?
False
Is 4901010073 prime?
True
Is 29716278269 composite?
False
Is 14674866383 composite?
True
Is 300683909 prime?
True
Is 7502341439 a composite number?
False
Is 1272524231 a composite number?
True
Is 2985635095 a prime number?
False
Is 709034149 a prime number?
False
Is 863787431 prime?
False
Is 552128747 composite?
True
Is 1684681093 a prime number?
False
Is 81061951 composite?
False
Is 115267663727 a composite number?
False
Is 2699341999 composite?
False
Is 73231513189 composite?
True
Is 2467841933 prime?
True
Is 10052559887 composite?
False
Is 4274289727 composite?
False
Is 2455858619 a prime number?
False
Is 14034374285 composite?
True
Is 20337943 a composite number?
False
Is 2513037139 a prime number?
False
Is 7376562703 a prime number?
False
Is 148045862843 a composite number?
False
Is 26783784031 a prime number?
True
Is 1406518213 composite?
False
Is 848455943 prime?
False
Is 19101545989 prime?
False
Is 966604381 composite?
False
Is 1472258143 a prime number?
False
Is 17325242261 prime?
False
Is 1167997717 composite?
False
Is 44316218291 composite?
False
Is 6629857807 composite?
False
Is 4796399339 a composite number?
False
Is 906901571 prime?
True
Is 88504926713 prime?
False
Is 227519233 composite?
True
Is 44625671357 composite?
False
Is 630187031 composite?
True
Is 1791008411 prime?
True
Is 41006621 a composite number?
False
Is 31431121 prime?
True
Is 1314096011 composite?
True
Is 6747597937 a prime number?
True
Is 397398850655 prime?
False
Is 413383259 composite?
True
Is 315687857 a composite number?
True
Is 65428889 prime?
True
Is 1256096917 a prime number?
True
Is 5652149869 a prime number?
True
Is 940539953 composite?
True
Is 622656817 a prime number?
True
Is 34759860127 prime?
True
Is 60513229319 a composite number?
False
Is 1230946903 a prime number?
True
Is 50290743337 composite?
False
Is 68574940373 a prime number?
False
Is 236939444915 composite?
True
Is 344538269 composite?
True
Is 987185209 composite?
True
Is 2288590721 composite?
True
Is 23667663518 prime?
False
Is 22637256539 a composite number?
True
Is 43571662423 a composite number?
False
Is 26554210187 a composite number?
False
Is 28496218903 a composite number?
True
Is 716651954 composite?
True
Is 5811074069 prime?
True
Is 1202104117 composite?
False
Is 4246673693 prime?
True
Is 